{"id":55,"date":"2017-12-05T21:26:52","date_gmt":"2017-12-05T20:26:52","guid":{"rendered":"http:\/\/wpress.prologism.fr\/?page_id=55"},"modified":"2018-03-12T20:10:04","modified_gmt":"2018-03-12T19:10:04","slug":"nos-missions","status":"publish","type":"page","link":"https:\/\/prologism-bckp.fr\/index.php\/nos-missions\/","title":{"rendered":"Nos missions"},"content":{"rendered":"<p>[et_pb_section fb_built=\u00a0\u00bb1&Prime; admin_label=\u00a0\u00bbsection\u00a0\u00bb _builder_version=\u00a0\u00bb3.0.47&Prime;][et_pb_row admin_label=\u00a0\u00bbrow\u00a0\u00bb _builder_version=\u00a0\u00bb3.0.90&Prime; background_size=\u00a0\u00bbinitial\u00a0\u00bb background_position=\u00a0\u00bbtop_left\u00a0\u00bb background_repeat=\u00a0\u00bbrepeat\u00a0\u00bb module_alignment=\u00a0\u00bbcenter\u00a0\u00bb][et_pb_column type=\u00a0\u00bb1_3&Prime; _builder_version=\u00a0\u00bb3.0.47&Prime; parallax=\u00a0\u00bboff\u00a0\u00bb parallax_method=\u00a0\u00bbon\u00a0\u00bb][et_pb_image src=\u00a0\u00bbhttp:\/\/www.prologism.fr\/wp-content\/uploads\/2018\/01\/mes-missions.png\u00a0\u00bb align=\u00a0\u00bbright\u00a0\u00bb _builder_version=\u00a0\u00bb3.0.90&Prime; box_shadow_style=\u00a0\u00bbpreset2&Prime;][\/et_pb_image][\/et_pb_column][et_pb_column type=\u00a0\u00bb2_3&Prime; _builder_version=\u00a0\u00bb3.0.47&Prime; parallax=\u00a0\u00bboff\u00a0\u00bb parallax_method=\u00a0\u00bbon\u00a0\u00bb][et_pb_text _builder_version=\u00a0\u00bb3.0.90&Prime; header_font=\u00a0\u00bb||||||||\u00a0\u00bb header_2_font=\u00a0\u00bb||||||||\u00a0\u00bb header_3_font=\u00a0\u00bb||||||||\u00a0\u00bb header_4_font=\u00a0\u00bb||||||||\u00a0\u00bb header_5_font=\u00a0\u00bb||||||||\u00a0\u00bb header_6_font=\u00a0\u00bb||||||||\u00a0\u00bb]<\/p>\n<h3>Nos domaines d&rsquo;intervention s<span style=\"color: #333333;\">o<\/span>nt<\/h3>\n<h3><strong><span style=\"color: #027980;\">multiples<\/span> <\/strong>et <strong><span style=\"color: #027980;\">vari\u00e9s<\/span><\/strong><span style=\"color: #333333;\">.<\/span><\/h3>\n<h3>Nos missions ont pourtant toutes un point commun:<\/h3>\n<h3>Elles requi\u00e8rent un <strong><span style=\"color: #027980;\">haut niveau d&rsquo;expertise technique.<\/span><\/strong><\/h3>\n<p>[\/et_pb_text][\/et_pb_column][\/et_pb_row][et_pb_row custom_margin=\u00a0\u00bb|||\u00a0\u00bb _builder_version=\u00a0\u00bb3.0.90&Prime;][et_pb_column type=\u00a0\u00bb1_2&Prime; _builder_version=\u00a0\u00bb3.0.90&Prime; parallax=\u00a0\u00bboff\u00a0\u00bb parallax_method=\u00a0\u00bbon\u00a0\u00bb][et_pb_text _builder_version=\u00a0\u00bb3.0.90&Prime;]<\/p>\n<h4 style=\"text-align: right;\"><strong><span style=\"color: #09b0bb;\">Banque d&rsquo;investissement<\/span><\/strong><\/h4>\n<h3 style=\"text-align: right;\"><strong><span style=\"color: #027980;\">Mise en place d&rsquo;un service Paas<\/span><\/strong><\/h3>\n<h3 style=\"text-align: right;\"><strong><span style=\"color: #027980;\">de monitoring<\/span><\/strong><\/h3>\n<p style=\"text-align: right;\"><strong><span style=\"color: #09b0bb;\">Kafka | ZipKin | Elastic | Spring\u00a0 | Java<\/span><\/strong><\/p>\n<p>[\/et_pb_text][\/et_pb_column][et_pb_column type=\u00a0\u00bb1_2&Prime; _builder_version=\u00a0\u00bb3.0.90&Prime; parallax=\u00a0\u00bboff\u00a0\u00bb parallax_method=\u00a0\u00bbon\u00a0\u00bb][et_pb_text _builder_version=\u00a0\u00bb3.0.90&Prime;]<\/p>\n<p><strong>R\u00f4le: <\/strong>Senior Developer<\/p>\n<p style=\"text-align: justify;\"><strong>Mission:<\/strong><span> D\u00e9veloppement d&rsquo;une application de monitoring pour l&rsquo;ensemble des applications de la banque de financement. Gr\u00e2ce \u00e0 cette plateforme, les applications peuvent collecter, stocker &#038; analyser leurs donn\u00e9es syst\u00e8mes &#038; applicatives.<\/span><\/p>\n<p><strong>Chiffres cl\u00e9s:<\/strong> 15000 msg\/second, v1 en ligne apr\u00e8s 6 mois<\/p>\n<p>[\/et_pb_text][\/et_pb_column][\/et_pb_row][et_pb_row custom_margin=\u00a0\u00bb|||\u00a0\u00bb _builder_version=\u00a0\u00bb3.0.90&Prime;][et_pb_column type=\u00a0\u00bb1_2&Prime; _builder_version=\u00a0\u00bb3.0.90&Prime; parallax=\u00a0\u00bboff\u00a0\u00bb parallax_method=\u00a0\u00bbon\u00a0\u00bb][et_pb_text _builder_version=\u00a0\u00bb3.0.90&Prime;]<\/p>\n<h4 style=\"text-align: right;\"><strong><span style=\"color: #09b0bb;\">Banque d&rsquo;investissement<\/span><\/strong><\/h4>\n<h3 style=\"text-align: right;\"><span style=\"color: #027980;\"><strong>Mise en oeuvre\u00a0<\/strong><\/span><strong style=\"color: #027980; font-size: 22px;\">d&rsquo;un Data\u00a0Lake<\/strong><\/h3>\n<h3 style=\"text-align: right;\"><span style=\"color: #027980;\"><strong>Hadoop\/Hortonworks<\/strong><\/span><\/h3>\n<p style=\"text-align: right;\"><strong><span style=\"color: #09b0bb;\">Hive | Spark | Hadoop | Kerberos | Spring | Java<\/span><\/strong><\/p>\n<p>[\/et_pb_text][\/et_pb_column][et_pb_column type=\u00a0\u00bb1_2&Prime; _builder_version=\u00a0\u00bb3.0.90&Prime; parallax=\u00a0\u00bboff\u00a0\u00bb parallax_method=\u00a0\u00bbon\u00a0\u00bb][et_pb_text _builder_version=\u00a0\u00bb3.0.90&Prime;]<\/p>\n<p style=\"text-align: justify;\"><strong>Team:<\/strong> Architect + Senior Developer<\/p>\n<p style=\"text-align: justify;\"><strong>Mission:\u00a0<\/strong><span>Architecture, Design et Impl\u00e9mentation d&rsquo;un DataLake Hadoop\/Hortonworks et de son \u00e9cosyst\u00e8me permettant aux applications de stocker et d&rsquo;analyser leurs donn\u00e9es m\u00e9tier. S\u00e9curisation du cluster.\u00a0<\/span><span style=\"font-size: 14px;\">Cr\u00e9ation d&rsquo;une Core Team Data ayant pour r\u00f4le l&rsquo;accompagnement et le support aux applications.<\/span><\/p>\n<p style=\"text-align: justify;\"><strong>Chiffres cl\u00e9s:<\/strong>\u00a0100 noeuds Hadoop s\u00e9curis\u00e9s<\/p>\n<p>[\/et_pb_text][\/et_pb_column][\/et_pb_row][et_pb_row custom_padding=\u00a0\u00bb27px|0px|24px|0px\u00a0\u00bb _builder_version=\u00a0\u00bb3.0.90&Prime;][et_pb_column type=\u00a0\u00bb1_2&Prime; _builder_version=\u00a0\u00bb3.0.90&Prime; parallax=\u00a0\u00bboff\u00a0\u00bb parallax_method=\u00a0\u00bbon\u00a0\u00bb][et_pb_text _builder_version=\u00a0\u00bb3.0.90&Prime;]<\/p>\n<h4 style=\"text-align: right;\"><strong><span style=\"color: #09b0bb;\">Tourisme<\/span><\/strong><\/h4>\n<h3 style=\"text-align: right;\"><strong><span style=\"color: #027980;\">D\u00e9veloppement Web FullStack<\/span><\/strong><\/h3>\n<h3 style=\"text-align: right;\"><strong><span style=\"color: #027980;\">BackOffice &#038; Funnel de r\u00e9servation<\/span><\/strong><\/h3>\n<p style=\"text-align: right;\"><span style=\"color: #09b0bb;\"><strong>AngularJS | Node.js | php | elastic | MySQL<\/strong><\/span><\/p>\n<p>\u00a0<\/p>\n<p>\u00a0<\/p>\n<p>[\/et_pb_text][\/et_pb_column][et_pb_column type=\u00a0\u00bb1_2&Prime; _builder_version=\u00a0\u00bb3.0.90&Prime; parallax=\u00a0\u00bboff\u00a0\u00bb parallax_method=\u00a0\u00bbon\u00a0\u00bb][et_pb_text _builder_version=\u00a0\u00bb3.0.90&Prime;]<\/p>\n<p style=\"text-align: justify;\"><strong>R\u00f4le: <\/strong>Teach Lead, Scrum Master<\/p>\n<p style=\"text-align: justify;\"><strong>Mission:\u00a0<\/strong><span>D\u00e9veloppement web Full Stack d&rsquo;une suite de services en ligne B2B d\u00e9di\u00e9s aux hoteliers (BackOffice, Funnel de r\u00e9servation, Distribution Manager)<\/span><span>. Tracking et Analytics associ\u00e9s. Reporting et analyse de l&rsquo;activit\u00e9 d&rsquo;acquisition de trafic des partenaires \u00ab\u00a0MetaSearch\u00a0\u00bb.<\/span><\/p>\n<p style=\"text-align: justify;\"><strong>Chiffres cl\u00e9s:<\/strong>\u00a0 24\/24 &#038; 7\/7, 8000 <span style=\"color: #666666;\">Clients\u00a0<\/span><\/p>\n<p>[\/et_pb_text][\/et_pb_column][\/et_pb_row][et_pb_row custom_padding=\u00a0\u00bb27px|0px|24px|0px\u00a0\u00bb _builder_version=\u00a0\u00bb3.0.90&Prime;][et_pb_column type=\u00a0\u00bb1_2&Prime; _builder_version=\u00a0\u00bb3.0.90&Prime; parallax=\u00a0\u00bboff\u00a0\u00bb parallax_method=\u00a0\u00bbon\u00a0\u00bb][et_pb_text _builder_version=\u00a0\u00bb3.0.90&Prime;]<\/p>\n<h4 style=\"text-align: right;\"><strong><span style=\"color: #09b0bb;\">Sant\u00e9<\/span><\/strong><\/h4>\n<h3 style=\"text-align: right;\"><strong><span style=\"color: #027980;\">Audit d&rsquo;architecture d&rsquo;une<\/span><\/strong><\/h3>\n<h3 style=\"text-align: right;\"><strong><span style=\"color: #027980;\">plateforme technique<\/span><\/strong><\/h3>\n<p style=\"text-align: right;\"><span color=\"#09b0bb\" style=\"color: #09b0bb;\"><b>Apache | Tomcat | Oracle<\/b><\/span><\/p>\n<p>\u00a0<\/p>\n<p>\u00a0<\/p>\n<p>[\/et_pb_text][\/et_pb_column][et_pb_column type=\u00a0\u00bb1_2&Prime; _builder_version=\u00a0\u00bb3.0.90&Prime; parallax=\u00a0\u00bboff\u00a0\u00bb parallax_method=\u00a0\u00bbon\u00a0\u00bb][et_pb_text _builder_version=\u00a0\u00bb3.0.90&Prime;]<\/p>\n<p style=\"text-align: justify;\"><span><strong>Team:\u00a0<\/strong>Technical Architect + Consultant<\/span><\/p>\n<p style=\"text-align: justify;\"><span><strong>Mission:<\/strong> Validation des choix d&rsquo;architecture. Analyse de la capacit\u00e9 de la plateforme \u00e0 <\/span>accepter <span>la mont\u00e9e en charge et les fonctionnalit\u00e9s pr\u00e9vues. Analyse des moyens d&rsquo;exploitation mis en oeuvre pour mesurer l&rsquo;activit\u00e9 de la plateforme, pr\u00e9venir les dysfonctionnements, analyser les causes et alerter.<\/span><\/p>\n<p style=\"text-align: justify;\"><span><strong>Chiffres cl\u00e9s:<\/strong>\u00a01000K req read, 350K req write,\u00a022K pts d\u2019acc\u00e8s en France<\/span><\/p>\n<p>[\/et_pb_text][\/et_pb_column][\/et_pb_row][et_pb_row custom_padding=\u00a0\u00bb27px|0px|24px|0px\u00a0\u00bb _builder_version=\u00a0\u00bb3.0.90&Prime;][et_pb_column type=\u00a0\u00bb1_2&Prime; _builder_version=\u00a0\u00bb3.0.90&Prime; parallax=\u00a0\u00bboff\u00a0\u00bb parallax_method=\u00a0\u00bbon\u00a0\u00bb][et_pb_text _builder_version=\u00a0\u00bb3.0.90&Prime;]<\/p>\n<h4 style=\"text-align: right;\"><strong><span style=\"color: #09b0bb;\">Bourse<\/span><\/strong><\/h4>\n<h3 style=\"text-align: right;\"><strong><span style=\"color: #027980;\">Mise en oeuvre\u00a0<\/span><\/strong><strong style=\"font-size: 22px;\"><span style=\"color: #027980;\">d&rsquo;une solution de<\/span><\/strong><\/h3>\n<h3 style=\"text-align: right;\"><strong style=\"font-size: 22px;\"><span style=\"color: #027980;\">d\u00e9ploiement applicatif\u00a0<\/span><\/strong><strong style=\"font-size: 22px;\"><span style=\"color: #027980;\">de A \u00e0 Z<\/span><\/strong><\/h3>\n<p style=\"text-align: right;\"><span color=\"#09b0bb\" style=\"color: #09b0bb;\"><b>ELK | Kafka | Ansible | VMware | Jenkins<\/b><\/span><\/p>\n<p>\u00a0<\/p>\n<p>\u00a0<\/p>\n<p>[\/et_pb_text][\/et_pb_column][et_pb_column type=\u00a0\u00bb1_2&Prime; _builder_version=\u00a0\u00bb3.0.90&Prime; parallax=\u00a0\u00bboff\u00a0\u00bb parallax_method=\u00a0\u00bbon\u00a0\u00bb][et_pb_text _builder_version=\u00a0\u00bb3.0.90&Prime;]<\/p>\n<p style=\"text-align: justify;\"><span><strong>Team:\u00a0<\/strong>DevOps Architect + Technical Architect + Full Stack Developer<\/span><\/p>\n<p style=\"text-align: justify;\"><span><strong>Mission: <\/strong><\/span><span style=\"font-size: 14px; text-align: left;\">D\u00e9finition, mise en \u0153uvre et pilotage des recommandations d&rsquo;une d\u00e9marche DevOps.\u00a0<\/span><span style=\"font-size: 14px; text-align: left;\">Application des nouveaux processus et outils mis en place dans le cadre du d\u00e9m\u00e9nagement du datacenter de secours (DR). Build on Demand de la couche de virtualisation au d\u00e9ploiement applicatif. Mise en place de la strat\u00e9gie de tests techniques et fonctionnels. Mise en place d&rsquo;un pipeline de Continuous Delivery.<\/span><\/p>\n<p style=\"text-align: justify;\"><span><strong>Chiffres cl\u00e9s: <\/strong>50 applications,\u00a020 types d&rsquo;artefacts, 2500 serveurs g\u00e9r\u00e9s.<\/span><\/p>\n<p>[\/et_pb_text][\/et_pb_column][\/et_pb_row][et_pb_row custom_padding=\u00a0\u00bb27px|0px|24px|0px\u00a0\u00bb _builder_version=\u00a0\u00bb3.0.90&Prime;][et_pb_column type=\u00a0\u00bb1_2&Prime; _builder_version=\u00a0\u00bb3.0.90&Prime; parallax=\u00a0\u00bboff\u00a0\u00bb parallax_method=\u00a0\u00bbon\u00a0\u00bb][et_pb_text _builder_version=\u00a0\u00bb3.0.90&Prime;]<\/p>\n<h4 style=\"text-align: right;\"><strong><span style=\"color: #09b0bb;\">Banque de d\u00e9tail<\/span><\/strong><\/h4>\n<h3 style=\"text-align: right;\"><strong><span style=\"color: #027980;\">Impl\u00e9mentation d&rsquo;un service\u00a0<\/span><\/strong><strong><span style=\"color: #027980;\">de monitoring<\/span><\/strong><\/h3>\n<h3 style=\"text-align: right;\"><strong style=\"font-size: 22px;\"><span style=\"color: #027980;\">d\u00e9di\u00e9 au troubleshooting<\/span><\/strong><\/h3>\n<p style=\"text-align: right;\"><span color=\"#09b0bb\" style=\"color: #09b0bb;\"><b>ELK\u00a0<\/b><\/span><\/p>\n<p>\u00a0<\/p>\n<p>\u00a0<\/p>\n<p>[\/et_pb_text][\/et_pb_column][et_pb_column type=\u00a0\u00bb1_2&Prime; _builder_version=\u00a0\u00bb3.0.90&Prime; parallax=\u00a0\u00bboff\u00a0\u00bb parallax_method=\u00a0\u00bbon\u00a0\u00bb][et_pb_text _builder_version=\u00a0\u00bb3.0.90&Prime;]<\/p>\n<p style=\"text-align: justify;\"><span><strong>R\u00f4le: <\/strong>DevOps Integrator<\/span><\/p>\n<p style=\"text-align: justify;\"><span><strong>Mission: <\/strong><\/span>Mise en place d&rsquo;un service de Monitoring d\u00e9di\u00e9 au troubleshooting du poste de travail agence.\u00a0<span>Collecte des m\u00e9triques syst\u00e8mes, techniques et applicatives.\u00a0<\/span>Corr\u00e9lation des indicateurs et construction\u00a0de dashboards transverses applicatifs &#038; infrastructure donnant l&rsquo;\u00e9tat de sant\u00e9 de l&rsquo;application.<\/p>\n<p style=\"text-align: justify;\"><strong style=\"font-size: 14px;\">Chiffres cl\u00e9s: <\/strong><span style=\"font-size: 14px;\">1000K messages trait\u00e9s par heure.<\/span><\/p>\n<p>[\/et_pb_text][\/et_pb_column][\/et_pb_row][et_pb_row custom_padding=\u00a0\u00bb27px|0px|24px|0px\u00a0\u00bb _builder_version=\u00a0\u00bb3.0.90&Prime;][et_pb_column type=\u00a0\u00bb1_2&Prime; _builder_version=\u00a0\u00bb3.0.90&Prime; parallax=\u00a0\u00bboff\u00a0\u00bb parallax_method=\u00a0\u00bbon\u00a0\u00bb][et_pb_text _builder_version=\u00a0\u00bb3.0.90&Prime;]<\/p>\n<h4 style=\"text-align: right;\"><strong><span style=\"color: #09b0bb;\">Organisme Financier<\/span><\/strong><\/h4>\n<h3 style=\"text-align: right;\"><strong><span style=\"color: #027980;\"><b><span>Mise en place<\/span><\/b><\/span><\/strong><\/h3>\n<h3 style=\"text-align: right;\"><strong><span style=\"color: #027980;\"><b><span>d\u2019un Datamart op\u00e9rationnel<\/span><\/b><\/span><\/strong><\/h3>\n<p style=\"text-align: right;\"><span color=\"#09b0bb\" style=\"color: #09b0bb;\"><b><span>Flume | Elastic | <span color=\"#09b0bb\">Kibana | <\/span>Dynatrace\u00a0 | NodeJS<\/span>\u00a0<\/b><\/span><\/p>\n<p>\u00a0<\/p>\n<p>\u00a0<\/p>\n<p>[\/et_pb_text][\/et_pb_column][et_pb_column type=\u00a0\u00bb1_2&Prime; _builder_version=\u00a0\u00bb3.0.90&Prime; parallax=\u00a0\u00bboff\u00a0\u00bb parallax_method=\u00a0\u00bbon\u00a0\u00bb][et_pb_text _builder_version=\u00a0\u00bb3.0.90&Prime;]<\/p>\n<p style=\"text-align: justify;\"><span><strong>Team: <\/strong>Architect + Senior Developer + DevOps<\/span><\/p>\n<p style=\"text-align: justify;\"><span><strong>Mission: <\/strong><\/span><span>Mise en place d\u2019un Datamart \u00ab\u00a0smart metrology\u00a0\u00bb dans le cadre du programme Big Data de notre client. Collecte et reporting des indicateurs de SLA pour les Ops et le Business.<\/span><\/p>\n<p style=\"text-align: justify;\"><strong style=\"font-size: 14px;\">Chiffres cl\u00e9s: <\/strong><span style=\"font-size: 14px;\">1<span>00Gb ingested\/day, 8 Data Sources<\/span><\/span><\/p>\n<p>[\/et_pb_text][\/et_pb_column][\/et_pb_row][et_pb_row custom_padding=\u00a0\u00bb27px|0px|24px|0px\u00a0\u00bb _builder_version=\u00a0\u00bb3.0.90&Prime;][et_pb_column type=\u00a0\u00bb1_2&Prime; _builder_version=\u00a0\u00bb3.0.90&Prime; parallax=\u00a0\u00bboff\u00a0\u00bb parallax_method=\u00a0\u00bbon\u00a0\u00bb][et_pb_text _builder_version=\u00a0\u00bb3.0.90&Prime;]<\/p>\n<h4 style=\"text-align: right;\"><strong><span style=\"color: #09b0bb;\"><span>Banque d&rsquo;investissement<\/span><\/span><\/strong><\/h4>\n<h3 style=\"text-align: right;\"><strong><span style=\"color: #027980;\"><b><span>Mise en place d&rsquo;une Xpert Team<\/span><\/b><\/span><\/strong><\/h3>\n<h3 style=\"text-align: right;\"><strong><span style=\"color: #027980;\"><b><span>Performance et Capacit\u00e9<\/span><\/b><\/span><\/strong><\/h3>\n<p style=\"text-align: right;\"><span color=\"#09b0bb\" style=\"color: #09b0bb;\"><b><span>WebSphere MQ | Oracle\u00a0<span color=\"#09b0bb\">| Splunk\u00a0|\u00a0<\/span>Java | C++\u00a0<\/span><\/b><\/span><\/p>\n<p>\u00a0<\/p>\n<p>\u00a0<\/p>\n<p>[\/et_pb_text][\/et_pb_column][et_pb_column type=\u00a0\u00bb1_2&Prime; _builder_version=\u00a0\u00bb3.0.90&Prime; parallax=\u00a0\u00bboff\u00a0\u00bb parallax_method=\u00a0\u00bbon\u00a0\u00bb][et_pb_text _builder_version=\u00a0\u00bb3.0.90&Prime;]<\/p>\n<p style=\"text-align: justify;\"><span><strong>Team: <\/strong>Team leader + Expert performance + Expert monitoring\u00a0+ Architect<\/span><\/p>\n<p style=\"text-align: justify;\"><span><strong>Mission: <\/strong><\/span><span>Cr\u00e9ation et animation d&rsquo;une \u00e9quipe d&rsquo;experts \u00ab\u00a0Performance et Capacit\u00e9\u00a0\u00bb intervenant dans la m\u00e9thodologie des benchmarks, la mod\u00e9lisation et la formalisation des stress tests, la d\u00e9finition et l&rsquo;analyse des indicateurs, l&rsquo;identification et l&rsquo;impl\u00e9mentation d&rsquo;actions d\u2019optimisation. Support aux \u00e9quipes projets. D\u00e9ploiement d&rsquo;une solution de m\u00e9trologie.<\/span><\/p>\n<p style=\"text-align: justify;\"><strong style=\"font-size: 14px;\">Chiffres cl\u00e9s: <\/strong><span style=\"font-size: 14px;\"><span>7 applications critiques, world-wide 24\/7, r\u00e9duction des temps de traitements de plusieurs heures \u00e0 quelques minutes.<\/span><\/span><\/p>\n<p>[\/et_pb_text][\/et_pb_column][\/et_pb_row][et_pb_row custom_padding=\u00a0\u00bb27px|0px|24px|0px\u00a0\u00bb _builder_version=\u00a0\u00bb3.0.90&Prime;][et_pb_column type=\u00a0\u00bb1_2&Prime; _builder_version=\u00a0\u00bb3.0.90&Prime; parallax=\u00a0\u00bboff\u00a0\u00bb parallax_method=\u00a0\u00bbon\u00a0\u00bb][et_pb_text _builder_version=\u00a0\u00bb3.0.90&Prime;]<\/p>\n<h4 style=\"text-align: right;\"><strong><span style=\"color: #09b0bb;\"><span>SaaS Security Services Provider<\/span><\/span><\/strong><\/h4>\n<h3 style=\"text-align: right;\"><strong><span style=\"color: #027980;\"><b><span>Diagnostic et recommandations<\/span><\/b><\/span><\/strong><\/h3>\n<h3 style=\"text-align: right;\"><strong><span style=\"color: #027980;\"><b><span>orient\u00e9s QoS et scalabilit\u00e9<\/span><\/b><\/span><\/strong><\/h3>\n<p style=\"text-align: right;\"><span color=\"#09b0bb\" style=\"color: #09b0bb;\"><b><span>Load balancing | Apache | JBoss | Oracle | Puppet | Java\u00a0<\/span><\/b><\/span><\/p>\n<p>\u00a0<\/p>\n<p>\u00a0<\/p>\n<p>[\/et_pb_text][\/et_pb_column][et_pb_column type=\u00a0\u00bb1_2&Prime; _builder_version=\u00a0\u00bb3.0.90&Prime; parallax=\u00a0\u00bboff\u00a0\u00bb parallax_method=\u00a0\u00bbon\u00a0\u00bb][et_pb_text _builder_version=\u00a0\u00bb3.0.90&Prime;]<\/p>\n<p style=\"text-align: justify;\"><span><strong>R\u00f4le: <\/strong>Architect<\/span><\/p>\n<p style=\"text-align: justify;\"><span><strong>Mission: <\/strong><\/span><span>Capacity Audit des solutions en production en mode Saas (PKI, d\u00e9livrance de certificats, signature \u00e9lectronique documents et transactions, notarisation). Recommandations associ\u00e9es.<\/span><\/p>\n<p style=\"text-align: justify;\"><strong style=\"font-size: 14px;\">Chiffres cl\u00e9s: <\/strong><span style=\"font-size: 14px;\"><span>19 applications 24\/7, 400 signatures\/minute, 20.000K de certificats<\/span><\/span><\/p>\n<p>[\/et_pb_text][\/et_pb_column][\/et_pb_row][et_pb_row custom_padding=\u00a0\u00bb27px|0px|24px|0px\u00a0\u00bb _builder_version=\u00a0\u00bb3.0.90&Prime;][et_pb_column type=\u00a0\u00bb1_2&Prime; _builder_version=\u00a0\u00bb3.0.90&Prime; parallax=\u00a0\u00bboff\u00a0\u00bb parallax_method=\u00a0\u00bbon\u00a0\u00bb][et_pb_text _builder_version=\u00a0\u00bb3.0.90&Prime;]<\/p>\n<h4 style=\"text-align: right;\"><strong><span style=\"color: #09b0bb;\"><span>Jeux &#038; Paris<\/span><\/span><\/strong><\/h4>\n<h3 style=\"text-align: right;\"><strong><span style=\"color: #027980;\"><b><span>Mise en place &#038; Accompagnement de la<\/span><\/b><\/span><\/strong><\/h3>\n<h3 style=\"text-align: right;\"><strong><span style=\"color: #027980;\"><b><span>transformation DevOps<\/span><\/b><\/span><\/strong><\/h3>\n<h3 style=\"text-align: right;\"><b style=\"color: #09b0bb; font-size: 14px;\">ELK | Jenkins | Puppet | Foreman | Rundeck | AIX | DB2\u00a0<\/b><\/h3>\n<p>\u00a0<\/p>\n<p>\u00a0<\/p>\n<p>[\/et_pb_text][\/et_pb_column][et_pb_column type=\u00a0\u00bb1_2&Prime; _builder_version=\u00a0\u00bb3.0.90&Prime; parallax=\u00a0\u00bboff\u00a0\u00bb parallax_method=\u00a0\u00bbon\u00a0\u00bb][et_pb_text _builder_version=\u00a0\u00bb3.0.90&Prime;]<\/p>\n<p style=\"text-align: justify;\"><span><strong>Team: <\/strong>DevOps Architect + DevOps Integrator<\/span><\/p>\n<p style=\"text-align: justify;\"><span><strong>Mission: <\/strong><\/span><span>Mise en place et accompagnement de la d\u00e9marche DevOps from scratch dans le cadre de la migration du SI mainframe vers UNIX. Mise en place des outils DevOps (int\u00e9gration continue, provisionning des environnements, mise en place de la m\u00e9trologie technique et applicative).<\/span><\/p>\n<p style=\"text-align: justify;\"><strong style=\"font-size: 14px;\">Chiffres cl\u00e9s:\u00a0 <\/strong><span style=\"font-size: 14px;\"><span>12 environnements, 150 machines (LPAR\/WPAR)<\/span><\/span><\/p>\n<p>[\/et_pb_text][\/et_pb_column][\/et_pb_row][\/et_pb_section]<\/p>\n","protected":false},"excerpt":{"rendered":"<p>Nos domaines d&rsquo;intervention sont multiples et vari\u00e9s. Nos missions ont pourtant toutes un point commun: Elles requi\u00e8rent un haut niveau d&rsquo;expertise technique.Banque d&rsquo;investissement Mise en place d&rsquo;un service Paas de monitoring Kafka | ZipKin | Elastic | Spring\u00a0 | JavaR\u00f4le: Senior Developer Mission: D\u00e9veloppement d&rsquo;une application de monitoring pour l&rsquo;ensemble des applications de la banque [&hellip;]<\/p>\n","protected":false},"author":1,"featured_media":0,"parent":0,"menu_order":0,"comment_status":"closed","ping_status":"closed","template":"","meta":{"_et_pb_use_builder":"on","_et_pb_old_content":"","_et_gb_content_width":"","footnotes":""},"class_list":["post-55","page","type-page","status-publish","hentry"],"_links":{"self":[{"href":"https:\/\/prologism-bckp.fr\/index.php\/wp-json\/wp\/v2\/pages\/55","targetHints":{"allow":["GET"]}}],"collection":[{"href":"https:\/\/prologism-bckp.fr\/index.php\/wp-json\/wp\/v2\/pages"}],"about":[{"href":"https:\/\/prologism-bckp.fr\/index.php\/wp-json\/wp\/v2\/types\/page"}],"author":[{"embeddable":true,"href":"https:\/\/prologism-bckp.fr\/index.php\/wp-json\/wp\/v2\/users\/1"}],"replies":[{"embeddable":true,"href":"https:\/\/prologism-bckp.fr\/index.php\/wp-json\/wp\/v2\/comments?post=55"}],"version-history":[{"count":51,"href":"https:\/\/prologism-bckp.fr\/index.php\/wp-json\/wp\/v2\/pages\/55\/revisions"}],"predecessor-version":[{"id":1055,"href":"https:\/\/prologism-bckp.fr\/index.php\/wp-json\/wp\/v2\/pages\/55\/revisions\/1055"}],"wp:attachment":[{"href":"https:\/\/prologism-bckp.fr\/index.php\/wp-json\/wp\/v2\/media?parent=55"}],"curies":[{"name":"wp","href":"https:\/\/api.w.org\/{rel}","templated":true}]}}